ns digit of f/9*2*l?
5
Let d = 15640 + -11084. What is the units digit of d?
6
Let a(i) = -2*i**2 - 1. Let p be a(2). Let x = -324 - -303. What is the units digit of (1*p)/(x/56)?
4
Let b = 7071 + 8262. What is the hundreds digit of b?
3
Let l(n) = 51*n - 1377. What is the hundreds digit of l(68)?
0
Suppose -36948 = 2985*o - 2997*o. What is the tens digit of o?
7
Suppose -2*j = 728*t - 732*t - 114816, -4*t - 229656 = -4*j. What is the thousands digit of j?
7
Let n(d) = 2*d - 9. Suppose 0 = -4*t + 8 - 4. Let x be n(t). What is the units digit of 84 + (-1 - 5 - 28/x)?
2
Suppose -1 = 5*h + 9. Let c be (h - -1)/(4/(-8)). What is the tens digit of c - (-64 + 1 + -3)?
6
Let r be ((-10184)/(-16))/(-19) + (-2)/4. Suppose 134 = -8*g + 10*g. Let u = r + g. What is the tens digit of u?
3
Suppose 6*t - 208237 = p, -5*p - 704 + 669 = 0. What is the tens digit of t?
0
Let m(k) = 25*k - 18. Let s be (-45)/6*(-28)/35. What is the tens digit of m(s)?
3
Let c(y) = 93*y - 157. What is the thousands digit of c(62)?
5
Suppose 46*x + 411 - 27321 = 0. Let z = x - 150. What is the tens digit of z?
3
Let x = 2924 + 8930. What is the hundreds digit of x?
8
What is the hundreds digit of ((-1890)/(-70))/(1580/(-8025) - (-1)/5)?
6
Suppose -2*v - 4*h + 22 + 0 = 0, 2*v - 10 = -h. Suppose 2*m + 26 = 4*m - 4*f, -v = f. Let d = m - -39. What is the tens digit of d?
4
Let c = 32475 + -14784. What is the units digit of c?
1
Suppose -o = 3*v + 16, -o + 22 = -3*o - 4*v. Let y be (2 + -5 + -5)/(o + -1). Suppose 5*m = 5*p + 445, y*m = m - 3*p + 255. What is the units digit of m?
7
Suppose 400*w - 3*t + 19184 = 401*w, 3*w - 4*t = 57591. What is the tens digit of w?
9
Let q = 2234 + -2234. Let o(t) = t**3 - 3*t**2 - 3*t + 1. Let v be o(6). Suppose q = d - v - 60. What is the units digit of d?
1
Suppose 4*u + u = -4*x + 1604, 3*x - 5*u = 1238. Suppose -x = -0*k - k - 4*p, 2*k - 782 = -2*p. Let r = k + -225. What is the hundreds digit of r?
1
Suppose -30954 = -3*i + 73*w - 71*w, -3*i - 2*w + 30978 = 0. What is the ten thousands digit of i?
1
Let v = -9645 - -14700. What is the units digit of v?
5
Let j(i) = 33*i**2 - 9*i + 1. Suppose -13 = c - 8, -s - 23 = 5*c. What is the tens digit of j(s)?
1
Suppose 3*a + a = -5*v + 165, 5*v - 2*a = 135. Let j = v + 174. What is the hundreds digit of j?
2
Let t(a) = 3*a**2 - 11*a + 5. Let z be t(3). Let s be z + (9/4)/((-5)/20). What is the tens digit of (362/s)/(2/(-10))?
8
Suppose -6*v + 95 = -4*k - v, -5*k = -2*v + 140. Let w be (-4*3/k)/(5/25). Suppose -1128 = -5*c + w*u, 2*c - 5*u = 140 + 307. What is the units digit of c?
6
Let z be 10*((-8 - -2) + 7). Suppose -2500 = -4*y + 4*o, z*y + o = 5*y + 3125. What is the tens digit of y?
2
Suppose o - 2*v - 2 = 3*o, 5*v = o - 17. Let t(d) = 3*d**2 - 9*d + d**3 - 9*d**3 + 12 - 7*d**o + 6*d**3. What is the hundreds digit of t(-5)?
2
Suppose -5*w = -3*m - 30, 5*m + 3*w + 84 = -0*w. Let h = 12 + m. What is the tens digit of 0 + (-6100)/(-28) + h/(-21)?
1
Suppose 0 = 2*k - z + 2, 5*k - 3*z + 5 = -5*z. Let m(l) = -145*l - 3. What is the tens digit of m(k)?
4
Suppose -10*s + 490 = -8730. Let i = s + -254. What is the hundreds digit of i?
6
Let p(w) = 4*w**2 - 8*w - 28. Let i be p(9). Suppose k - i = 4*q, 0 = 5*k - q - q - 1084. Suppose -86 = 2*y - k. What is the units digit of y?
5
Suppose 22*k - 695884 = -170634. What is the ten thousands digit of k?
2
Suppose -5*u = -4*h - 4932, 4*u + 22 = 2*h + 2482. What is the units digit of 4/18 + h/(-18) + 2?
1
Let s(f) = -2 - 7 - 4 + 15 - 3*f. Let t be s(-1). Let v(j) = 44*j - 25. What is the units digit of v(t)?
5
Let l = 11 - 140. Let v = l - -170. What is the units digit of v?
1
Let l = -3926 - -7444. What is the tens digit of l?
1
Suppose 0 = -2*m - 4*k + 4322, 352 = m + 23*k - 1767. What is the thousands digit of m?
2
Let f be -3 - (-160)/28 - (-8)/28. Suppose f*d + 2*d - 5*l = 0, -d + 20 = 4*l. What is the tens digit of (77 + 1)/(6/d)?
5
Let b(f) = f**3 + 4*f**2 - 4*f + 6263. What is the thousands digit of b(0)?
6
Suppose 0 = 5*c + 6 - 31. Suppose -t = -c*t + 1588. What is the tens digit of t?
9
Suppose 17117 + 7688 = 2*t + g, -2*t - 5*g = -24801. What is the hundreds digit of t?
4
Let s be 1 - 32/(-1 - 3). Suppose -4 = p - s. What is the units digit of 2/(p/(4575/10))?
3
Let k = -3702 - -3894. Let o = -1 + 5. Suppose 10 = 2*h, o*h = -s + k - 11. What is the units digit of s?
1
Let j(z) = -z**3 - 4*z**2 - 2*z + 2. Let r = 23 + -19. Suppose w + r*w = -30. What is the tens digit of j(w)?
8
Let q be -188*(2/(-13) + 420/(-312)). Suppose -i = -q - 11. What is the hundreds digit of i?
2
Suppose 0*u + 14 = 5*u + w, 4*u + 5*w = 28. Let a(y) = 3*y - 4. Let l be a(u). Suppose 5*o - 153 = -k - l*k, 5*o = 3*k + 147. What is the units digit of o?
0
Let h(z) = z**2 + 21*z - 29. Let u be (-1)/(-4) - (-1552)/(-64). Let q be h(u). Suppose 0 = -2*x + q + 331. What is the units digit of x?
7
Suppose -2*j - 6 = -5*j. Let h(b) = j + 3*b + 6*b + 0*b - 16. What is the tens digit of h(4)?
2
Let t = -511 - -515. Let z(f) = 28*f**3 - 3*f**2 + 7*f - 15. What is the thousands digit of z(t)?
1
Suppose 3*l - 5 = 4. Suppose -t + 219 = l*w + 73, 0 = t - 2*w - 131. Suppose -73 = -2*a + t. What is the hundreds digit of a?
1
Let a(s) = 3*s + 45. Let t be a(-14). What is the tens digit of ((-8)/(-24) - 13/t) + 226?
2
Suppose 159*i = 166*i - 1106. Let n = i + -67. What is the tens digit of n?
9
Let v = -13355 + 20970. Suppose -224 = -39*s + v. What is the tens digit of s?
0
Suppose 0 = -9*n - 753 - 318. Let z = 32 - n. What is the hundreds digit of z?
1
Suppose 4*s + 13920 = 6*s + 3422. What is the hundreds digit of s?
2
Let h(g) = 4*g + 6*g**2 - 14 + g**2 + 10*g**2 - 16*g**2 - g. Let k(b) = -b**3 + 6*b**2 - b. Let d be k(6). What is the units digit of h(d)?
4
Let u = 0 + 25. Suppose -2*m - b = 13, -5*b - u = -0*b. What is the hundreds digit of 2 - (1 - 2) - (-121 + m)?
1
Let g(z) = z + 1064. What is the tens digit of g(-82)?
8
Let w(d) = -d - 1. Let o be w(-5). Suppose o*f + 0*f + 8 = 4*c, 0 = 4*c + 5*f - 35. What is the units digit of (-4)/18 - ((-644)/63 - c)?
5
Suppose -56 = 4*j - 11*j. Suppose 4*l = -j + 12. What is the units digit of l/1*(-34 + 75)?
1
Let d = -782 + 4258. What is the hundreds digit of d?
4
Let l = 424 - 76. Suppose -w + 150 = 61. Suppose 2*r = 4*i - l, -i = -0*i - r - w. What is the tens digit of i?
8
Let y(v) = v**2 - 12*v - 83. Let k be y(17). Suppose -k*l - 2*z = -1756, 2*z + 1071 - 205 = l. What is the hundreds digit of l?
8
What is the ten thousands digit of ((-1969796)/(-290))/(4/10)?
1
Let i be (1/((-1)/4))/(64/1760). Let m = 192 - i. What is the hundreds digit of m?
3
Let w = -312 + 374. Suppose -w*r = -56*r - 3654. What is the hundreds digit of r?
6
Let p = 7 + -6. What is the tens digit of p/6 + 7160/240?
3
Let j(x) = 18*x**3 - 19*x**3 + 0*x - 15*x**2 - 16*x + 0*x - 28. Let z be j(-14). Suppose -w - m = -5*m - 186, z = w - 3*m - 190. What is the units digit of w?
2
Let x = 385 + -771. Let a be x*3/(-12)*-2. Let r = -94 - a. What is the units digit of r?
9
Let n be (-2)/(-4) - -199*3/6. What is the hundreds digit of (-1)/((-4)/16) + n?
1
Suppose -5*s + q = -4535 - 11577, 3*s + 5*q = 9684. What is the hundreds digit of s?
2
Let c(q) = -490*q + 148. Let p(r) = -98*r + 29. Let m(u) = -2*c(u) + 11*p(u). What is the tens digit of m(-4)?
1
Let n(v) be the second derivative of -v**5/20 + v**4/12 + v**3/6 + 2*v**2 - 3*v. Let t be n(0). What is the units digit of ((-12)/(-9))/(t/18)?
6
Suppose 102*j = d + 99*j - 33767, -4*j = 4*d - 135196. What is the units digit of d?
1
Suppose y = 4*y. Suppose -u - 2 + y = -2*r, 3*u = 3*r + 3. Suppose -u*x - x + 695 = 0. What is the units digit of x?
9
Suppose 7 = -5*r + 27. Suppose 0 = -2*b + b - 5*g - 25, -53 = 3*b + r*g. What is the units digit of 103 + b/(-7) + (-9)/63?
5
Let m(c) = c**3 + 5*c**2 - 13*c + 4. Let t be m(-7). Let h(v) = -154*v - 2. What is the tens digit of h(t)?
6
Suppose -232809 = -3*q + 3*c, 528*c - 2 = 526*c. What is the units digit of q?
4
Suppose -18*q + 2*v - 117452 = -22*q, q + 2*v - 29369 = 0. What is the thousands digit of q?
9
Let h = -86 + 90. Suppose 5*u + 2*w = -475, 2*u - h*w + 190 = -6*w. Let p = 71 - u. What is the tens digit of p?
6
Let m(h) = -h**3 - h**2 + h - 22. Let o be m(0). Let w(q) = 4*q**2 